st the prime factors of 44828.
2, 7, 1601
What are the prime factors of 10250?
2, 5, 41
What are the prime factors of 663?
3, 13, 17
List the prime factors of 4763.
11, 433
What are the prime factors of 1979?
1979
What are the prime factors of 8796?
2, 3, 733
What are the prime factors of 284?
2, 71
What are the prime factors of 12835?
5, 17, 151
List the prime factors of 107605.
5, 21521
List the prime factors of 1005.
3, 5, 67
List the prime factors of 281.
281
List the prime factors of 70098.
2, 3, 7, 1669
List the prime factors of 721.
7, 103
List the prime factors of 174243.
3, 241
List the prime factors of 72925.
5, 2917
What are the prime factors of 13179?
3, 23, 191
What are the prime factors of 1869?
3, 7, 89
What are the prime factors of 5370?
2, 3, 5, 179
List the prime factors of 89177.
11, 67
What are the prime factors of 502?
2, 251
What are the prime factors of 5392?
2, 337
List the prime factors of 17491.
17491
List the prime factors of 1549.
1549
What are the prime factors of 313?
313
List the prime factors of 28713.
3, 17, 563
What are the prime factors of 623?
7, 89
List the prime factors of 60964.
2, 15241
List the prime factors of 857.
857
List the prime factors of 7972.
2, 1993
List the prime factors of 2546.
2, 19, 67
List the prime factors of 1370.
2, 5, 137
What are the prime factors of 739?
739
List the prime factors of 8191.
8191
What are the prime factors of 906?
2, 3, 151
What are the prime factors of 60823?
7, 8689
What are the prime factors of 808?
2, 101
What are the prime factors of 35187?
3, 37, 317
List the prime factors of 4456.
2, 557
List the prime factors of 12246.
2, 3, 13, 157
What are the prime factors of 914?
2, 457
What are the prime factors of 1533?
3, 7, 73
List the prime factors of 4330.
2, 5, 433
What are the prime factors of 8444?
2, 2111
List the prime factors of 632.
2, 79
List the prime factors of 1434.
2, 3, 239
List the prime factors of 385.
5, 7, 11
List the prime factors of 24841.
24841
List the prime factors of 70557.
3, 29, 811
What are the prime factors of 3291?
3, 1097
List the prime factors of 4902.
2, 3, 19, 43
List the prime factors of 1009.
1009
What are the prime factors of 765?
3, 5, 17
List the prime factors of 1014.
2, 3, 13
List the prime factors of 533.
13, 41
List the prime factors of 11351.
11351
List the prime factors of 87697.
87697
What are the prime factors of 7790?
2, 5, 19, 41
List the prime factors of 11953.
11953
What are the prime factors of 2599?
23, 113
What are the prime factors of 10892?
2, 7, 389
List the prime factors of 4158.
2, 3, 7, 11
List the prime factors of 878.
2, 439
What are the prime factors of 49694?
2, 24847
What are the prime factors of 65600?
2, 5, 41
List the prime factors of 99464.
2, 12433
What are the prime factors of 621?
3, 23
What are the prime factors of 33360?
2, 3, 5, 139
What are the prime factors of 1040?
2, 5, 13
List the prime factors of 2583.
3, 7, 41
What are the prime factors of 4417?
7, 631
What are the prime factors of 3138?
2, 3, 523
List the prime factors of 88679.
71, 1249
List the prime factors of 150041.
150041
List the prime factors of 7188.
2, 3, 599
List the prime factors of 36869.
7, 23, 229
What are the prime factors of 1198?
2, 599
List the prime factors of 1211.
7, 173
What are the prime factors of 40838?
2, 7, 2917
List the prime factors of 625.
5
What are the prime factors of 55032?
2, 3, 2293
What are the prime factors of 46868?
2, 11717
List the prime factors of 219.
3, 73
What are the prime factors of 1270?
2, 5, 127
What are the prime factors of 879?
3, 293
List the prime factors of 1399.
1399
List the prime factors of 100.
2, 5
What are the prime factors of 84625?
5, 677
What are the prime factors of 48116?
2, 23, 523
What are the prime factors of 109157?
17, 6421
List the prime factors of 1261.
13, 97
List the prime factors of 216.
2, 3
List the prime factors of 74.
2, 37
List the prime factors of 78.
2, 3, 13
List the prime factors of 280.
2, 5, 7
List the prime factors of 1124.
2, 281
What are the prime factors of 6352?
2, 397
What are the prime factors of 11433?
3, 37, 103
List the prime factors of 66155.
5, 101, 131
List the prime factors of 45599.
45599
List the prime factors of 526.
2, 263
List the prime factors of 4266.
2, 3, 79
List the prime factors of 57987.
3, 17, 379
List the prime factors of 98096.
2, 6131
What are the prime factors of 76065?
3, 5, 11, 461
List the prime factors of 2659.
2659
List the prime factors of 12436.
2, 3109
List the prime factors of 5102.
2, 2551
What are the prime factors of 103056?
2, 3, 19, 113
What are the prime factors of 2459?
2459
What are the prime factors of 12720?
2, 3, 5, 53
What are the prime factors of 46696?
2, 13, 449
What are the prime factors of 7115?
5, 1423
List the prime factors of 2979.
3, 331
What are the prime factors of 408?
2, 3, 17
List the prime factors of 76507.
76507
List the prime factors of 4505.
5, 17, 53
What are the prime factors of 835?
5, 167
What are the prime factors of 494?
2, 13, 19
List the prime factors of 97.
97
List the prime factors of 45975.
3, 5, 613
List the prime factors of 3976.
2, 7, 71
What are the prime factors of 4876?
2, 23, 53
List the prime factors of 9867.
3, 11, 13, 23
List the prime factors of 458.
2, 229
List the prime factors of 1468.
2, 367
List the prime factors of 16859.
23, 733
List the prime factors of 5065.
5, 1013
List the prime factors of 30430.
2, 5, 17, 179
What are the prime factors of 3196?
2, 17, 47
What are the prime factors of 6987?
3, 17, 137
List the prime factors of 1459.
1459
List the prime factors of 21613.
21613
What are the prime factors of 1379?
7, 197
What are the prime factors of 1605?
3, 5, 107
What are the prime factors of 39193?
7, 11, 509
List the prime factors of 31226.
2, 13, 1201
List the prime factors of 5303.
5303
List the prime factors of 6.
2, 3
What are the prime factors of 9804?
2, 3, 19, 43
List the prime factors of 5077.
5077
List the prime factors of 26490.
2, 3, 5, 883
What are the prime factors of 46309?
46309
What are the prime factors of 1101?
3, 367
List the prime factors of 71762.
2, 53, 677
What are the prime factors of 6633?
3, 11, 67
List the prime factors of 1890.
2, 3, 5, 7
List the prime factors of 4140.
2, 3, 5, 23
List the prime factors of 3193.
31, 103
List the prime factors of 32958.
2, 3, 1831
What are the prime factors of 13?
13
List the prime factors of 11397.
3, 29, 131
List the prime factors of 18.
2, 3
List the prime factors of 4423.
4423
List the prime factors of 1514.
2, 757
What are the prime factors of 1148?
2, 7, 41
List the prime factors of 2.
2
List the prime factors of 5820.
2, 3, 5, 97
What are the prime factors of 11680?
2, 5, 73
List the prime factors of 14414.
2, 7207
What are the prime factors of 74420?
2, 5, 61
What are the prime factors of 111850?
2, 5, 2237
List the prime factors of 55187.
11, 29, 173
What are the prime factors of 2025?
3, 5
What are the prime factors of 36444?
2, 3, 3037
What are the prime factors of 99917?
41, 2437
What are the prime factors of 2009?
7, 41
What are the prime factors of 24884?
2, 6221
List the prime factors of 46471.
46471
List the prime factors of 17512.
2, 11, 199
List the prime factors of 7870.
2, 5, 787
What are the prime factors of 37983?
3, 11, 1151
What are the prime factors of 8128?
2, 127
List the prime factors of 20432.
2, 1277
List the prime factors of 82868.
2, 20717
List the prime factors of 2737.
7, 17, 23
What are the prime factors of 5017?
29, 173
What are the prime factors of 1515?
3, 5, 101
What are the prime factors of 62790?
2, 3, 5, 7, 13, 23
What are the prime factors of 1522?
2, 761
What are the prime factors of 25945?
5, 5189
What are the prime factors of 11281?
29, 389
List the prime factors of 1454.
2, 727
List the prime factors of 34463.
11, 13, 241
What are the prime factors of 1476?
2, 3, 41
What are the prime factors of 82286?
2, 41143
List the prime factors of 523.
523
What are the prime factors of 3018?
2, 3, 503
What are the prime factors of 152040?
2, 3, 5, 7, 181
What are the prime factors of 59109?
3, 17, 19, 61
List the prime factors of 55869.
3, 11, 1693
List the prime factors of 41324.
2, 10331
What are the prime factors of 10103?
10103
What are the p